{"id":267,"date":"2021-02-15T16:25:36","date_gmt":"2021-02-15T15:25:36","guid":{"rendered":"https:\/\/zdzislaw-maciej-rurarz.com\/?page_id=267"},"modified":"2021-02-16T21:25:13","modified_gmt":"2021-02-16T20:25:13","slug":"dziennik-chicagowski-1995","status":"publish","type":"page","link":"https:\/\/zdzislaw-maciej-rurarz.com\/?page_id=267","title":{"rendered":"Dziennik Chicagowski 1995"},"content":{"rendered":"\n<ul class=\"wp-block-list\"><li><strong><a href=\"https:\/\/zdzislaw-maciej-rurarz.com\/wp-content\/uploads\/2021\/02\/Antyprogram.pdf\">Antyprogram<\/a><\/strong><\/li><li><strong><a href=\"https:\/\/zdzislaw-maciej-rurarz.com\/wp-content\/uploads\/2021\/02\/Co-sie-dzieje-za-Bugiem.pdf\">Co si\u0119 dzieje za Bugiem?<\/a><\/strong><\/li><li><a href=\"https:\/\/zdzislaw-maciej-rurarz.com\/wp-content\/uploads\/2021\/02\/Czy-demokracja-w-Polsce-utrzyma-sie-cz.1.pdf\"><strong>Czy demokracja w Polsce utrzyma si\u0119? cz.1<\/strong><\/a><\/li><li><strong><a href=\"https:\/\/zdzislaw-maciej-rurarz.com\/wp-content\/uploads\/2021\/02\/Czy-demokracja-w-Polsce-utrzyma-sie-cz.2.pdf\">Czy demokracja w Polsce utrzyma si\u0119? cz.2<\/a><\/strong><\/li><li><strong><a href=\"https:\/\/zdzislaw-maciej-rurarz.com\/wp-content\/uploads\/2021\/02\/Czy-demokracja-w-Polsce-utrzyma-sie-cz.3.pdf\">Czy demokracja w Polsce utrzyma si\u0119? cz.3<\/a><\/strong><\/li><li><strong><a href=\"https:\/\/zdzislaw-maciej-rurarz.com\/wp-content\/uploads\/2021\/02\/Czy-komunizm-powroci-cz.1.pdf\">Czy komunizm powr\u00f3ci? cz.1<\/a><\/strong><\/li><li><strong><a href=\"https:\/\/zdzislaw-maciej-rurarz.com\/wp-content\/uploads\/2021\/02\/Czy-komunizm-powroci-cz.2.pdf\">Czy komunizm powr\u00f3ci? cz.2<\/a><\/strong><\/li><li><strong><a href=\"https:\/\/zdzislaw-maciej-rurarz.com\/wp-content\/uploads\/2021\/02\/Czy-komunizm-powroci-cz.3.pdf\">Czy komunizm powr\u00f3ci? cz.3<\/a><\/strong><\/li><li><a href=\"https:\/\/zdzislaw-maciej-rurarz.com\/wp-content\/uploads\/2021\/02\/Czy-komunizm-powroci-cz.4.pdf\"><strong>Czy komunizm powr\u00f3ci? cz.4<\/strong><\/a><\/li><li><strong><a href=\"https:\/\/zdzislaw-maciej-rurarz.com\/wp-content\/uploads\/2021\/02\/Czy-Polska-zbuduje-kapitalizm-cz.-1.pdf\">Czy Polska zbuduje kapitalizm? cz. 1<\/a><\/strong><\/li><li><strong><a href=\"https:\/\/zdzislaw-maciej-rurarz.com\/wp-content\/uploads\/2021\/02\/Czy-Polska-zbuduje-kapitalizm-cz.-2.pdf\">Czy Polska zbuduje kapitalizm? cz. 2<\/a><\/strong><\/li><li><strong><a href=\"https:\/\/zdzislaw-maciej-rurarz.com\/wp-content\/uploads\/2021\/02\/Czy-Polska-zbuduje-kapitalizm-cz.-3.pdf\">Czy Polska zbuduje kapitalizm? cz. 3<\/a><\/strong><\/li><li><strong><a href=\"https:\/\/zdzislaw-maciej-rurarz.com\/wp-content\/uploads\/2021\/02\/Grozne-pomruki.pdf\">Gro\u017ane pomruki<\/a><\/strong><\/li><li><strong><a href=\"https:\/\/zdzislaw-maciej-rurarz.com\/wp-content\/uploads\/2021\/02\/Historia-Polski-1914-1993.pdf\">Historia Polski 1914-1993<\/a><\/strong><\/li><li><strong><a href=\"https:\/\/zdzislaw-maciej-rurarz.com\/wp-content\/uploads\/2021\/02\/List-do-Redakcji-Zegota.pdf\">List do Redakcji &#8211; \u017begota<\/a><\/strong><\/li><li><strong><a href=\"https:\/\/zdzislaw-maciej-rurarz.com\/wp-content\/uploads\/2021\/02\/Nie-spieszmy-sie....pdf\">Nie \u015bpieszmy si\u0119\u2026<\/a><\/strong><\/li><li><strong><a href=\"https:\/\/zdzislaw-maciej-rurarz.com\/wp-content\/uploads\/2021\/02\/Niewydarzony-urzad.pdf\">Niewydarzony urz\u0105d cz.1<\/a><\/strong><\/li><li><strong><a href=\"https:\/\/zdzislaw-maciej-rurarz.com\/wp-content\/uploads\/2021\/02\/Niewydarzony-urzad-cz.2.pdf\">Niewydarzony urz\u0105d cz.2<\/a><\/strong><\/li><li><strong><a href=\"https:\/\/zdzislaw-maciej-rurarz.com\/wp-content\/uploads\/2021\/02\/Papiez-i-prymas-o-komunizmie.pdf\">Papie\u017c i prymas o komunizmie<\/a><\/strong><\/li><li><strong><a href=\"https:\/\/zdzislaw-maciej-rurarz.com\/wp-content\/uploads\/2021\/02\/Plan-dla-Europy-czy-dla-Polski.pdf\">Plan dla Europy czy dla Polski?<\/a><\/strong><\/li><li><strong><a href=\"https:\/\/zdzislaw-maciej-rurarz.com\/wp-content\/uploads\/2021\/02\/Polski-nacjonalizm.pdf\">Polski nacjonalizm<\/a><\/strong><\/li><li><strong><a href=\"https:\/\/zdzislaw-maciej-rurarz.com\/wp-content\/uploads\/2021\/02\/Postkomunizm.pdf\">Postkomunizm<\/a><\/strong><\/li><li><strong><a href=\"https:\/\/zdzislaw-maciej-rurarz.com\/wp-content\/uploads\/2021\/02\/Prawica-polska.pdf\">Prawica polska<\/a><\/strong><\/li><li><strong><a href=\"https:\/\/zdzislaw-maciej-rurarz.com\/wp-content\/uploads\/2021\/02\/Rewolucja-czy-prowokacja-cz.1.pdf\">Rewolucja czy prowokacja cz.1<\/a><\/strong><\/li><li><strong><a href=\"https:\/\/zdzislaw-maciej-rurarz.com\/wp-content\/uploads\/2021\/02\/Rewolucja-czy-prowokacja-cz.2.pdf\">Rewolucja czy prowokacja cz.2<\/a><\/strong><\/li><li><strong><a href=\"https:\/\/zdzislaw-maciej-rurarz.com\/wp-content\/uploads\/2021\/02\/Rocznicowe-refleksje.pdf\">Rocznicowe refleksje<\/a><\/strong><\/li><li><strong><a href=\"https:\/\/zdzislaw-maciej-rurarz.com\/wp-content\/uploads\/2021\/02\/Trzecia-wojna-swiatowa.pdf\">Trzecia wojna \u015bwiatowa<\/a><\/strong><\/li><li><strong><a href=\"https:\/\/zdzislaw-maciej-rurarz.com\/wp-content\/uploads\/2021\/02\/W-imie-prawdy.pdf\">W imi\u0119 prawdy<\/a><\/strong><\/li><li><strong><a href=\"https:\/\/zdzislaw-maciej-rurarz.com\/wp-content\/uploads\/2021\/02\/W-niewoli-mitow-cz.1.pdf\">W niewoli mit\u00f3w cz.1<\/a><\/strong><\/li><li><strong><a href=\"https:\/\/zdzislaw-maciej-rurarz.com\/wp-content\/uploads\/2021\/02\/W-niewoli-mitow-cz.2.pdf\">W niewoli mit\u00f3w cz.2<\/a><\/strong><\/li><li><strong><a href=\"https:\/\/zdzislaw-maciej-rurarz.com\/wp-content\/uploads\/2021\/02\/Wybory-do-Dumy.pdf\">Wybory do Dumy<\/a><\/strong><\/li><li><strong><a href=\"https:\/\/zdzislaw-maciej-rurarz.com\/wp-content\/uploads\/2021\/02\/Zagadki-stanu-wojennego-cz.1.pdf\">Zagadki stanu wojennego cz.1<\/a><\/strong><\/li><li><strong><a href=\"https:\/\/zdzislaw-maciej-rurarz.com\/wp-content\/uploads\/2021\/02\/Zagadki-stanu-wojennego-cz.2.pdf\">Zagadki stanu wojennego cz.2<\/a><\/strong><\/li><li><strong><a href=\"https:\/\/zdzislaw-maciej-rurarz.com\/wp-content\/uploads\/2021\/02\/Zagadki-stanu-wojennego-cz.3.pdf\">Zagadki stanu wojennego cz.3<\/a><\/strong><\/li><li><strong><a href=\"https:\/\/zdzislaw-maciej-rurarz.com\/wp-content\/uploads\/2021\/02\/Zwady-o-wady.pdf\">Zwady o wady<\/a><\/strong><\/li><\/ul>\n","protected":false},"excerpt":{"rendered":"<p>Antyprogram Co si\u0119 dzieje za Bugiem? Czy demokracja w Polsce utrzyma si\u0119? cz.1 Czy demokracja w Polsce utrzyma si\u0119? cz.2 Czy demokracja w Polsce utrzyma si\u0119? cz.3 Czy komunizm powr\u00f3ci? cz.1 Czy komunizm powr\u00f3ci? cz.2 Czy komunizm powr\u00f3ci? cz.3 Czy komunizm powr\u00f3ci? cz.4 Czy Polska zbuduje kapitalizm? cz. 1 Czy Polska zbuduje kapitalizm? cz. 2 [&hellip;]<\/p>\n","protected":false},"author":1,"featured_media":67,"parent":191,"menu_order":2,"comment_status":"closed","ping_status":"closed","template":"","meta":{"footnotes":""},"class_list":["post-267","page","type-page","status-publish","has-post-thumbnail","hentry"],"_links":{"self":[{"href":"https:\/\/zdzislaw-maciej-rurarz.com\/index.php?rest_route=\/wp\/v2\/pages\/267","targetHints":{"allow":["GET"]}}],"collection":[{"href":"https:\/\/zdzislaw-maciej-rurarz.com\/index.php?rest_route=\/wp\/v2\/pages"}],"about":[{"href":"https:\/\/zdzislaw-maciej-rurarz.com\/index.php?rest_route=\/wp\/v2\/types\/page"}],"author":[{"embeddable":true,"href":"https:\/\/zdzislaw-maciej-rurarz.com\/index.php?rest_route=\/wp\/v2\/users\/1"}],"replies":[{"embeddable":true,"href":"https:\/\/zdzislaw-maciej-rurarz.com\/index.php?rest_route=%2Fwp%2Fv2%2Fcomments&post=267"}],"version-history":[{"count":42,"href":"https:\/\/zdzislaw-maciej-rurarz.com\/index.php?rest_route=\/wp\/v2\/pages\/267\/revisions"}],"predecessor-version":[{"id":758,"href":"https:\/\/zdzislaw-maciej-rurarz.com\/index.php?rest_route=\/wp\/v2\/pages\/267\/revisions\/758"}],"up":[{"embeddable":true,"href":"https:\/\/zdzislaw-maciej-rurarz.com\/index.php?rest_route=\/wp\/v2\/pages\/191"}],"wp:featuredmedia":[{"embeddable":true,"href":"https:\/\/zdzislaw-maciej-rurarz.com\/index.php?rest_route=\/wp\/v2\/media\/67"}],"wp:attachment":[{"href":"https:\/\/zdzislaw-maciej-rurarz.com\/index.php?rest_route=%2Fwp%2Fv2%2Fmedia&parent=267"}],"curies":[{"name":"wp","href":"https:\/\/api.w.org\/{rel}","templated":true}]}}