{"id":225,"date":"2021-02-14T23:43:34","date_gmt":"2021-02-14T22:43:34","guid":{"rendered":"https:\/\/zdzislaw-maciej-rurarz.com\/?page_id=225"},"modified":"2021-02-16T21:31:42","modified_gmt":"2021-02-16T20:31:42","slug":"dziennik-zwiazkowy","status":"publish","type":"page","link":"https:\/\/zdzislaw-maciej-rurarz.com\/?page_id=225","title":{"rendered":"Dziennik Zwi\u0105zkowy"},"content":{"rendered":"\n<blockquote class=\"wp-block-quote is-style-large is-layout-flow wp-block-quote-is-layout-flow\"><p><strong><a href=\"https:\/\/zdzislaw-maciej-rurarz.com\/?page_id=352\">Dziennik Zwi\u0105zkowy 1983<\/a><\/strong><\/p><p><strong><a href=\"https:\/\/zdzislaw-maciej-rurarz.com\/?page_id=354\">Dziennik Zwi\u0105zkowy 1994<\/a><\/strong><\/p><p><strong><a href=\"https:\/\/zdzislaw-maciej-rurarz.com\/?page_id=356\">Dziennik Zwi\u0105zkowy 2000<\/a><\/strong><\/p><p><strong><a href=\"https:\/\/zdzislaw-maciej-rurarz.com\/?page_id=358\">Dziennik Zwi\u0105zkowy 2002<\/a><\/strong><\/p><\/blockquote>\n\n\n\n<p><\/p>\n","protected":false},"excerpt":{"rendered":"<p>Dziennik Zwi\u0105zkowy 1983 Dziennik Zwi\u0105zkowy 1994 Dziennik Zwi\u0105zkowy 2000 Dziennik Zwi\u0105zkowy 2002<\/p>\n","protected":false},"author":1,"featured_media":67,"parent":42,"menu_order":2,"comment_status":"closed","ping_status":"closed","template":"","meta":{"footnotes":""},"class_list":["post-225","page","type-page","status-publish","has-post-thumbnail","hentry"],"_links":{"self":[{"href":"https:\/\/zdzislaw-maciej-rurarz.com\/index.php?rest_route=\/wp\/v2\/pages\/225","targetHints":{"allow":["GET"]}}],"collection":[{"href":"https:\/\/zdzislaw-maciej-rurarz.com\/index.php?rest_route=\/wp\/v2\/pages"}],"about":[{"href":"https:\/\/zdzislaw-maciej-rurarz.com\/index.php?rest_route=\/wp\/v2\/types\/page"}],"author":[{"embeddable":true,"href":"https:\/\/zdzislaw-maciej-rurarz.com\/index.php?rest_route=\/wp\/v2\/users\/1"}],"replies":[{"embeddable":true,"href":"https:\/\/zdzislaw-maciej-rurarz.com\/index.php?rest_route=%2Fwp%2Fv2%2Fcomments&post=225"}],"version-history":[{"count":17,"href":"https:\/\/zdzislaw-maciej-rurarz.com\/index.php?rest_route=\/wp\/v2\/pages\/225\/revisions"}],"predecessor-version":[{"id":762,"href":"https:\/\/zdzislaw-maciej-rurarz.com\/index.php?rest_route=\/wp\/v2\/pages\/225\/revisions\/762"}],"up":[{"embeddable":true,"href":"https:\/\/zdzislaw-maciej-rurarz.com\/index.php?rest_route=\/wp\/v2\/pages\/42"}],"wp:featuredmedia":[{"embeddable":true,"href":"https:\/\/zdzislaw-maciej-rurarz.com\/index.php?rest_route=\/wp\/v2\/media\/67"}],"wp:attachment":[{"href":"https:\/\/zdzislaw-maciej-rurarz.com\/index.php?rest_route=%2Fwp%2Fv2%2Fmedia&parent=225"}],"curies":[{"name":"wp","href":"https:\/\/api.w.org\/{rel}","templated":true}]}}