{"id":1286,"date":"2021-02-25T21:28:32","date_gmt":"2021-02-25T20:28:32","guid":{"rendered":"https:\/\/zdzislaw-maciej-rurarz.com\/?page_id=1286"},"modified":"2022-05-09T11:38:35","modified_gmt":"2022-05-09T09:38:35","slug":"niewydane-pamietniki","status":"publish","type":"page","link":"https:\/\/zdzislaw-maciej-rurarz.com\/?page_id=1286","title":{"rendered":"Niewydane pami\u0119tniki"},"content":{"rendered":"\n<div class=\"wp-block-group\"><div class=\"wp-block-group__inner-container is-layout-flow wp-block-group-is-layout-flow\">\n<div class=\"wp-block-group\"><div class=\"wp-block-group__inner-container is-layout-flow wp-block-group-is-layout-flow\">\n<div class=\"wp-block-group has-subtle-background-background-color has-background\"><div class=\"wp-block-group__inner-container is-layout-flow wp-block-group-is-layout-flow\">\n<blockquote class=\"wp-block-quote is-style-large is-layout-flow wp-block-quote-is-layout-flow\"><p>Pami\u0119tniki, pisane mi\u0119dzy kwietniem 2005 r. a grudniem 2006 r., s\u0105 lu\u017anym komentarzem o sprawach (w\u00f3wczas) bie\u017c\u0105cych do kt\u00f3rego prze\u015blizguj\u0105 si\u0119 wspomnienia, refleksje i wra\u017cenia Autora maj\u0105ce zwi\u0105zek z Jego \u017cyciem. Pami\u0119tniki sk\u0142adaj\u0105 si\u0119 z czternastu rozdzia\u0142\u00f3w. Niestety, tekst z rozdzia\u0142ami XII i XIII zagin\u0105\u0142, a rozdzia\u0142 XIV, rozpocz\u0119ty na nied\u0142ugo przez \u015bmierci\u0105 Autora, jest bardzo wyrywkowy. <\/p><\/blockquote>\n<\/div><\/div>\n<\/div><\/div>\n\n\n\n<div class=\"wp-block-group\"><div class=\"wp-block-group__inner-container is-layout-flow wp-block-group-is-layout-flow\">\n<p><strong><a href=\"https:\/\/zdzislaw-maciej-rurarz.com\/wp-content\/uploads\/2021\/02\/Urywki-niewydanych-pami%C4%99tnik%C3%B3w.pdf\">Urywki niewydanych pami\u0119tnik\u00f3w&#8230;<\/a> <\/strong><\/p>\n<\/div><\/div>\n<\/div><\/div>\n\n\n\n<p><strong><a href=\"https:\/\/zdzislaw-maciej-rurarz.com\/wp-content\/uploads\/2021\/03\/PAM_ROZ_1.pdf\">Rozdzia\u0142 I<\/a><\/strong><br>\u015amier\u0107 Papie\u017ca; wspomnienia z wizyty papieskiej w Tokio; znaczenie Papie\u017ca, rozwa\u017cania o religii i realiach, dogmatach.<\/p>\n\n\n\n<p><strong><a href=\"https:\/\/zdzislaw-maciej-rurarz.com\/wp-content\/uploads\/2021\/03\/PAM_ROZ_2.pdf\">Rozdzia\u0142 II<\/a><\/strong><br>Komentarz o rz\u0105dzie Marka Belki; obchody w Moskwie 60 rocznicy zako\u0144czenia II Wojny \u015awiatowej; wspomnienia i rozwa\u017cania o zako\u0144czeniu II Wojny \u015awiatowej i \u00f3wczesnej sytuacji w Polsce, wrogo\u015bci do niej Stalina, Armii Czerwonej.<\/p>\n\n\n\n<p><strong><a href=\"https:\/\/zdzislaw-maciej-rurarz.com\/wp-content\/uploads\/2021\/03\/PAM_ROZ_2.pdf\">Rozdzia\u0142 III<\/a><\/strong><br> Konstytucja Europejska; PRL a \u201ezachodnioeuropejska integracja\u201d; PRL w GATT, EWG; wspomnienia \u2013 wizyta w siedzibie EWG w Brukseli; kwestie integracji regionalnej\/europejskiej i powody dla sceptycyzmu; historia pr\u00f3b integracji europejskiej.<\/p>\n\n\n\n<p><strong><a href=\"https:\/\/zdzislaw-maciej-rurarz.com\/wp-content\/uploads\/2021\/03\/PAM_ROZ_4.pdf\">Rozdzia\u0142 IV<\/a><\/strong><br>Niepodleg\u0142o\u015b\u0107 USA; stosunek do nowej Ojczyzny; pierwsze spotkanie z Amerykanami w czasie pobytu w Korei, jako cz\u0142onek Komisji Nadzorczej Pa\u0144stw Neutralnych; akcja ameryka\u0144ska wysy\u0142ania ksi\u0105\u017cek do PRL; wyjazd na plac\u00f3wk\u0119 do USA (listopad 1962 r.); pobyt z USA; sprawa klauzuli Najwi\u0119kszego Uprzywilejowania; PRL-owski plan eksportu do USA.<\/p>\n\n\n\n<p><strong><a href=\"https:\/\/zdzislaw-maciej-rurarz.com\/wp-content\/uploads\/2021\/03\/PAM_ROZ_5.pdf\">Rozdzia\u0142 V<\/a><\/strong><br>Zamach w Londynie; wsp\u00f3\u0142praca z chicagowsk\u0105 Panoram\u0105 <br>i S. Pochroniem; Europa a muzu\u0142manie; historia tzw. \u017cywych bomb; \u201ewojna z terroryzmem\u201d; wsp\u00f3\u0142\u017cycie Zachodu ze \u015bwiatem muzu\u0142ma\u0144skim; sprawa Romana Giertycha; DiPowcy.<\/p>\n\n\n\n<p><strong><a href=\"https:\/\/zdzislaw-maciej-rurarz.com\/wp-content\/uploads\/2021\/03\/PAM_ROZ_6.pdf\">Rozdzia\u0142 VI<\/a><\/strong><br>Wspomnienia w zwi\u0105zku z rocznic\u0105 \u015blubu; rozwa\u017cania o mi\u0142o\u015bci; huragan Katrina; wspomnienia o 1 wrze\u015bnia 1939 r.; Lato 1980; wspomnienia wojenne i rozwa\u017cania o kl\u0119sce wrze\u015bniowej; bitwa pod Grodziskiem (woj. \u015bwi\u0119tokrzyskie).<\/p>\n\n\n\n<p><strong><a href=\"https:\/\/zdzislaw-maciej-rurarz.com\/wp-content\/uploads\/2021\/03\/PAM_ROZ_7.pdf\">Rozdzia\u0142 VII<\/a><\/strong><br>Rocznica stanu wojennego; wydarzenia poprzedzaj\u0105ce jego wprowadzenie; Lato 1980; Solidarno\u015b\u0107; Wa\u0142\u0119sa. Wizyta Solidarno\u015bci w Japonii.<\/p>\n\n\n\n<p><strong><a href=\"https:\/\/zdzislaw-maciej-rurarz.com\/wp-content\/uploads\/2021\/03\/PAM_ROZ_8.pdf\">Rozdzia\u0142 VIII<\/a><\/strong><br>Wyst\u0105pienie o azyl; opis ucieczki z Tokio i jej motywacje; Jaruzelski; kulisy stanu wojennego.<\/p>\n\n\n\n<p><strong><a href=\"https:\/\/zdzislaw-maciej-rurarz.com\/wp-content\/uploads\/2021\/03\/PAM_ROZ_9.pdf\">Rozdzia\u0142 IX<\/a><\/strong><br>Wspomnienia o pocz\u0105tkach pracy; rozpocz\u0119ciu studi\u00f3w II Stopnia; zdobyciu mieszkania; wspomnienia o styczniu 1945 r. i wej\u015bciu Armii Czerwonej; zimna wojna; podpisanie Paktu Stabilizacyjnego.<\/p>\n\n\n\n<p><strong><a href=\"https:\/\/zdzislaw-maciej-rurarz.com\/wp-content\/uploads\/2021\/03\/PAM_ROZ_10.pdf\">Rozdzia\u0142 X<\/a><\/strong><br>Wizyta prezydenta Lecha Kaczy\u0144skiego w USA; \u201eokr\u0105g\u0142y st\u00f3\u0142\u201d: kryzys rz\u0105dowy w RP; Polonia ameryka\u0144ska; Katy\u0144 \u2013 odkrycie niemieckich zdj\u0119\u0107 lotniczych, zachowanie Rosji i jego powody; wizyta prezydenta Lecha Kaczy\u0144skiego w Niemczech; polityka polska.<\/p>\n\n\n\n<p><strong><a href=\"https:\/\/zdzislaw-maciej-rurarz.com\/wp-content\/uploads\/2021\/03\/PAM_ROZ_11.pdf\">Rozdzia\u0142 XI<\/a><\/strong><br>Benedykt XVI w Polsce; rozwa\u017cania o religii i jej miejscu w nowoczesnym spo\u0142ecze\u0144stwie; O\u015bwi\u0119cim; komentarz o USA \u2013 czy USA s\u0105 demokracj\u0105?<\/p>\n\n\n\n<p><strong><a href=\"https:\/\/zdzislaw-maciej-rurarz.com\/wp-content\/uploads\/2021\/03\/PAM_ROZ_14.pdf\">Rozdzia\u0142 XIV<\/a><\/strong><br>Zmiany rz\u0105dowe w USA.<\/p>\n","protected":false},"excerpt":{"rendered":"<p>Pami\u0119tniki, pisane mi\u0119dzy kwietniem 2005 r. a grudniem 2006 r., s\u0105 lu\u017anym komentarzem o sprawach (w\u00f3wczas) bie\u017c\u0105cych do kt\u00f3rego prze\u015blizguj\u0105 si\u0119 wspomnienia, refleksje i wra\u017cenia Autora maj\u0105ce zwi\u0105zek z Jego \u017cyciem. Pami\u0119tniki sk\u0142adaj\u0105 si\u0119 z czternastu rozdzia\u0142\u00f3w. Niestety, tekst z rozdzia\u0142ami XII i XIII zagin\u0105\u0142, a rozdzia\u0142 XIV, rozpocz\u0119ty na nied\u0142ugo przez \u015bmierci\u0105 Autora, jest [&hellip;]<\/p>\n","protected":false},"author":1,"featured_media":67,"parent":6,"menu_order":17,"comment_status":"closed","ping_status":"closed","template":"","meta":{"footnotes":""},"class_list":["post-1286","page","type-page","status-publish","has-post-thumbnail","hentry"],"_links":{"self":[{"href":"https:\/\/zdzislaw-maciej-rurarz.com\/index.php?rest_route=\/wp\/v2\/pages\/1286","targetHints":{"allow":["GET"]}}],"collection":[{"href":"https:\/\/zdzislaw-maciej-rurarz.com\/index.php?rest_route=\/wp\/v2\/pages"}],"about":[{"href":"https:\/\/zdzislaw-maciej-rurarz.com\/index.php?rest_route=\/wp\/v2\/types\/page"}],"author":[{"embeddable":true,"href":"https:\/\/zdzislaw-maciej-rurarz.com\/index.php?rest_route=\/wp\/v2\/users\/1"}],"replies":[{"embeddable":true,"href":"https:\/\/zdzislaw-maciej-rurarz.com\/index.php?rest_route=%2Fwp%2Fv2%2Fcomments&post=1286"}],"version-history":[{"count":26,"href":"https:\/\/zdzislaw-maciej-rurarz.com\/index.php?rest_route=\/wp\/v2\/pages\/1286\/revisions"}],"predecessor-version":[{"id":1716,"href":"https:\/\/zdzislaw-maciej-rurarz.com\/index.php?rest_route=\/wp\/v2\/pages\/1286\/revisions\/1716"}],"up":[{"embeddable":true,"href":"https:\/\/zdzislaw-maciej-rurarz.com\/index.php?rest_route=\/wp\/v2\/pages\/6"}],"wp:featuredmedia":[{"embeddable":true,"href":"https:\/\/zdzislaw-maciej-rurarz.com\/index.php?rest_route=\/wp\/v2\/media\/67"}],"wp:attachment":[{"href":"https:\/\/zdzislaw-maciej-rurarz.com\/index.php?rest_route=%2Fwp%2Fv2%2Fmedia&parent=1286"}],"curies":[{"name":"wp","href":"https:\/\/api.w.org\/{rel}","templated":true}]}}