{"id":1248,"date":"2021-02-25T20:45:31","date_gmt":"2021-02-25T19:45:31","guid":{"rendered":"https:\/\/zdzislaw-maciej-rurarz.com\/?page_id=1248"},"modified":"2022-05-11T20:56:55","modified_gmt":"2022-05-11T18:56:55","slug":"wystapienie-przed-kongresem-usa","status":"publish","type":"page","link":"https:\/\/zdzislaw-maciej-rurarz.com\/?page_id=1248","title":{"rendered":"Wyst\u0105pienia przed Kongresem i Senatem Stan\u00f3w Zjednoczonych"},"content":{"rendered":"\n<div class=\"wp-block-group has-subtle-background-background-color has-background\"><div class=\"wp-block-group__inner-container is-layout-flow wp-block-group-is-layout-flow\">\n<blockquote class=\"wp-block-quote has-text-align-center is-style-large is-layout-flow wp-block-quote-is-layout-flow\"><p><a href=\"https:\/\/zdzislaw-maciej-rurarz.com\/wp-content\/uploads\/2021\/02\/Statement-to-Congress-Dec.-1981_PL.pdf\">Wersja polska<\/a>    *    <a href=\"https:\/\/zdzislaw-maciej-rurarz.com\/wp-content\/uploads\/2021\/02\/Statement-to-Congress-Dec.-1981_EN.pdf\">Wersja angielska<\/a><\/p><\/blockquote>\n<\/div><\/div>\n\n\n\n<p class=\"has-text-align-center\">r\u0119kopisy<\/p>\n\n\n\n<div class=\"wp-block-group\"><div class=\"wp-block-group__inner-container is-layout-flow wp-block-group-is-layout-flow\">\n<div class=\"wp-block-group has-subtle-background-background-color has-background\"><div class=\"wp-block-group__inner-container is-layout-flow wp-block-group-is-layout-flow\">\n<div class=\"wp-block-group\"><div class=\"wp-block-group__inner-container is-layout-flow wp-block-group-is-layout-flow\">\n<div class=\"wp-block-group\"><div class=\"wp-block-group__inner-container is-layout-flow wp-block-group-is-layout-flow\">\n<div class=\"wp-block-group\"><div class=\"wp-block-group__inner-container is-layout-flow wp-block-group-is-layout-flow\">\n<div class=\"wp-block-group\"><div class=\"wp-block-group__inner-container is-layout-flow wp-block-group-is-layout-flow\">\n<h6 class=\"wp-block-heading\"><a href=\"https:\/\/zdzislaw-maciej-rurarz.com\/wp-content\/uploads\/2022\/04\/1981-12-28-Crisis-in-Poland-1.pdf\">zeznanie z 28 grudnia 1981 r. PRZED KOMISJ\u0104 KONGRESU DS. BEZPIECZE\u0143STWA <\/a><br><a href=\"https:\/\/zdzislaw-maciej-rurarz.com\/wp-content\/uploads\/2022\/04\/1981-12-28-Crisis-in-Poland-1.pdf\">I WSP\u00d3\u0141PRACY W EUROPIE <strong>.<\/strong><br>&#8211; <strong>Crisis in Poland<\/strong><\/a><\/h6>\n<\/div><\/div>\n<\/div><\/div>\n<\/div><\/div>\n<\/div><\/div>\n<\/div><\/div>\n<\/div><\/div>\n\n\n\n<p><\/p>\n\n\n\n<div class=\"wp-block-group has-subtle-background-background-color has-background\"><div class=\"wp-block-group__inner-container is-layout-flow wp-block-group-is-layout-flow\">\n<div class=\"wp-block-group\"><div class=\"wp-block-group__inner-container is-layout-flow wp-block-group-is-layout-flow\">\n<h6 class=\"wp-block-heading\"><a href=\"https:\/\/www.polskieradio.pl\/68\/2461\/audio\/307014\"><strong>30 grudnia 1981 r. <\/strong><\/a><br><a href=\"https:\/\/www.polskieradio.pl\/68\/2461\/audio\/307014\"><strong>Radio Wolna Europa<\/strong> &#8211; rozmowa Jana Nowaka-Jeziora\u0144skiego ze Zdzis\u0142awem Rurarzem<\/a>.<\/h6>\n<\/div><\/div>\n<\/div><\/div>\n\n\n\n<p><\/p>\n\n\n\n<div class=\"wp-block-group has-subtle-background-background-color has-background\"><div class=\"wp-block-group__inner-container is-layout-flow wp-block-group-is-layout-flow\">\n<div class=\"wp-block-group\"><div class=\"wp-block-group__inner-container is-layout-flow wp-block-group-is-layout-flow\">\n<h6 class=\"wp-block-heading\"><a href=\"https:\/\/zdzislaw-maciej-rurarz.com\/wp-content\/uploads\/2021\/03\/ZEZNANIE-PRZED-COMMISSION-ON-SECURITY-AND-COOPERATION-IN-EUROPE.pdf\"><strong>Zeznanie z 1 kwietnia 1982 r. <\/strong><\/a><br><a href=\"https:\/\/zdzislaw-maciej-rurarz.com\/wp-content\/uploads\/2021\/03\/ZEZNANIE-PRZED-COMMISSION-ON-SECURITY-AND-COOPERATION-IN-EUROPE.pdf\"><strong>przed Komisj\u0105 Kongresu ds. Bezpiecze\u0144stwa <\/strong><\/a><br><a href=\"https:\/\/zdzislaw-maciej-rurarz.com\/wp-content\/uploads\/2021\/03\/ZEZNANIE-PRZED-COMMISSION-ON-SECURITY-AND-COOPERATION-IN-EUROPE.pdf\"><strong>i Wsp\u00f3\u0142pracy w Europie<\/strong><\/a><\/h6>\n<\/div><\/div>\n<\/div><\/div>\n\n\n\n<p><\/p>\n\n\n\n<div class=\"wp-block-group has-subtle-background-background-color has-background\"><div class=\"wp-block-group__inner-container is-layout-flow wp-block-group-is-layout-flow\">\n<h6 class=\"wp-block-heading\"><strong>Zeznanie z 23 lutego 1982 r.  przed Komisj\u0105 <\/strong><br><strong>Senatu Stan\u00f3w Zjednoczonych ds.&nbsp;Bankowo\u015bci, mieszkalnictwa i spraw miejskich (United States&nbsp;Senate&nbsp;Committee on Banking, Housing and Urban Affairs). Sprawy zad\u0142u\u017cenia PRL.<\/strong><br><a href=\"https:\/\/zdzislaw-maciej-rurarz.com\/wp-content\/uploads\/2022\/04\/Okladka-2.png\">Ok\u0142adka <\/a>  <a href=\"https:\/\/zdzislaw-maciej-rurarz.com\/wp-content\/uploads\/2022\/04\/Strona-1-1.png\">Sk\u0142ad Komisji<\/a>  <a href=\"https:\/\/zdzislaw-maciej-rurarz.com\/wp-content\/uploads\/2022\/04\/Strona-2-1.png\">Spis tre\u015bci<\/a>  <a href=\"https:\/\/zdzislaw-maciej-rurarz.com\/wp-content\/uploads\/2022\/04\/Strona-3-1.png\">Spis tre\u015bci c.d.<\/a>  <a href=\"https:\/\/zdzislaw-maciej-rurarz.com\/wp-content\/uploads\/2022\/04\/Strona-4-1.png\">1<\/a> <a href=\"https:\/\/zdzislaw-maciej-rurarz.com\/wp-content\/uploads\/2022\/04\/Strona-5-1.png\"> 2<\/a>  <a href=\"https:\/\/zdzislaw-maciej-rurarz.com\/wp-content\/uploads\/2022\/04\/Strona-6-1.png\">3<\/a>  <a href=\"https:\/\/zdzislaw-maciej-rurarz.com\/wp-content\/uploads\/2022\/04\/Strona-7-1.png\">4<\/a>  <a href=\"https:\/\/zdzislaw-maciej-rurarz.com\/wp-content\/uploads\/2022\/04\/Strona-8-1.png\">5<\/a>  <a href=\"https:\/\/zdzislaw-maciej-rurarz.com\/wp-content\/uploads\/2022\/04\/Strona-9-1.png\">6<\/a>  <a href=\"https:\/\/zdzislaw-maciej-rurarz.com\/wp-content\/uploads\/2022\/04\/Strona-10-1.png\">7<\/a>  <a href=\"https:\/\/zdzislaw-maciej-rurarz.com\/wp-content\/uploads\/2022\/04\/Strona-11-1.png\">8<\/a>  <a href=\"https:\/\/zdzislaw-maciej-rurarz.com\/wp-content\/uploads\/2022\/04\/Strona-12.png\">9<\/a>  <a href=\"https:\/\/zdzislaw-maciej-rurarz.com\/wp-content\/uploads\/2022\/04\/Strona-13.png\">10<\/a>  <a href=\"https:\/\/zdzislaw-maciej-rurarz.com\/wp-content\/uploads\/2022\/04\/Strona-14.png\">11<\/a> <a href=\"https:\/\/zdzislaw-maciej-rurarz.com\/wp-content\/uploads\/2022\/04\/Strona-15.png\">12<\/a>  <a href=\"https:\/\/zdzislaw-maciej-rurarz.com\/wp-content\/uploads\/2022\/04\/Strona-16.png\">13<\/a> <a href=\"https:\/\/zdzislaw-maciej-rurarz.com\/wp-content\/uploads\/2022\/04\/Strona-17.png\">1<\/a><a href=\"https:\/\/zdzislaw-maciej-rurarz.com\/wp-content\/uploads\/2022\/04\/Strona-3-1.png\">4<\/a> <a href=\"https:\/\/zdzislaw-maciej-rurarz.com\/wp-content\/uploads\/2022\/04\/Strona-18.png\">15<\/a> <a href=\"https:\/\/zdzislaw-maciej-rurarz.com\/wp-content\/uploads\/2022\/04\/Strona-19.png\">16<\/a> <a href=\"https:\/\/zdzislaw-maciej-rurarz.com\/wp-content\/uploads\/2022\/04\/Strona-20-1.png\">17<\/a><\/h6>\n<\/div><\/div>\n\n\n\n<p><\/p>\n\n\n\n<div class=\"wp-block-group has-subtle-background-background-color has-background\"><div class=\"wp-block-group__inner-container is-layout-flow wp-block-group-is-layout-flow\">\n<h6 class=\"wp-block-heading\"><a href=\"https:\/\/zdzislaw-maciej-rurarz.com\/wp-content\/uploads\/2022\/05\/Zeznanie-Senate-Subcommittee-on-Foreign-Operations-Committee-on-Appropriations-Mar-2-1982.pdf\">Zeznanie przed Senate Subcommittee on Foreign Operations Committee on Appropriations<\/a><br>2 marca 1982 r.<\/h6>\n<\/div><\/div>\n\n\n\n<p><\/p>\n\n\n\n<div class=\"wp-block-group has-subtle-background-background-color has-background\"><div class=\"wp-block-group__inner-container is-layout-flow wp-block-group-is-layout-flow\">\n<h6 class=\"wp-block-heading\"><strong>Zeznanie z 12 marca 1982 r. <\/strong><br><strong>przed Komitetem ds. Rolnictwa, Wy\u017cywienia i Le\u015bnictwa Senatu Stan\u00f3w Zjednoczonych. Sprawy zad\u0142u\u017cenia ZSRS<\/strong>.  (Soviet Bloc Debt and Financial Integrity of the CCC &#8211; Commodity Credit Corporation] &#8211; Committee on Agriculture, Nutrition, and Forestry United States Senate) <br><a href=\"https:\/\/zdzislaw-maciej-rurarz.com\/wp-content\/uploads\/2022\/04\/12-III-1982-Okladka.jpg\">Ok\u0142adka<\/a>  <a href=\"https:\/\/zdzislaw-maciej-rurarz.com\/wp-content\/uploads\/2022\/04\/12-III-1982-Strona-1.png\">Sk\u0142ad Komisji<\/a>  <a href=\"https:\/\/zdzislaw-maciej-rurarz.com\/wp-content\/uploads\/2022\/04\/12-III-1982-Strona-2.png\"> Spis tre\u015bci<\/a>  <a href=\"https:\/\/zdzislaw-maciej-rurarz.com\/wp-content\/uploads\/2022\/04\/12-III-1982-Strona-15.png\">30<\/a>  <a href=\"https:\/\/zdzislaw-maciej-rurarz.com\/wp-content\/uploads\/2022\/04\/12-III-1982-Strona-16.png\">31<\/a>  <a href=\"https:\/\/zdzislaw-maciej-rurarz.com\/wp-content\/uploads\/2022\/04\/12-III-1982-Strona-3.png\">32<\/a>  <a href=\"https:\/\/zdzislaw-maciej-rurarz.com\/wp-content\/uploads\/2022\/04\/12-III-1982-Strona-4.png\">33<\/a>  <a href=\"https:\/\/zdzislaw-maciej-rurarz.com\/wp-content\/uploads\/2022\/04\/12-III-1982-Strona-5.png\">34<\/a>  <a href=\"https:\/\/zdzislaw-maciej-rurarz.com\/wp-content\/uploads\/2022\/04\/12-III-1982-Strona-6.png\">35<\/a>  <a href=\"https:\/\/zdzislaw-maciej-rurarz.com\/wp-content\/uploads\/2022\/04\/12-III-1982-Strona-8.png\">35<\/a>  <a href=\"https:\/\/zdzislaw-maciej-rurarz.com\/wp-content\/uploads\/2022\/04\/12-III-1982-Strona-9.png\">36<\/a>  <a href=\"https:\/\/zdzislaw-maciej-rurarz.com\/wp-content\/uploads\/2022\/04\/12-III-1982-Strona-10.png\">37<\/a>  <a href=\"https:\/\/zdzislaw-maciej-rurarz.com\/wp-content\/uploads\/2022\/04\/12-III-1982-Strona-11.png\">38<\/a>  <a href=\"https:\/\/zdzislaw-maciej-rurarz.com\/wp-content\/uploads\/2022\/04\/12-III-1982-Strona-12.png\">39<\/a>  <a href=\"https:\/\/zdzislaw-maciej-rurarz.com\/wp-content\/uploads\/2022\/04\/12-III-1982-Strona-13.png\">40<\/a>  <a href=\"https:\/\/zdzislaw-maciej-rurarz.com\/wp-content\/uploads\/2022\/04\/12-III-1982-Strona-14.png\">41<\/a>  <a href=\"https:\/\/zdzislaw-maciej-rurarz.com\/wp-content\/uploads\/2022\/04\/12-III-1982-Strona-27.png\">42<\/a>  <a href=\"https:\/\/zdzislaw-maciej-rurarz.com\/wp-content\/uploads\/2022\/04\/12-III-1982-Strona-28.png\">43<\/a><\/h6>\n<\/div><\/div>\n\n\n\n<div class=\"wp-block-group has-subtle-background-background-color has-background\"><div class=\"wp-block-group__inner-container is-layout-flow wp-block-group-is-layout-flow\">\n<h6 class=\"wp-block-heading\"><strong>Zeznanie z 20 wrze\u015bnia 1983 r.&nbsp;przed&nbsp;Republika\u0144skim Komitetem Studi\u00f3w przy Izbie Reprezentant\u00f3w. Przes\u0142uchania nt. lotu KAL 007<\/strong>. <a href=\"https:\/\/zdzislaw-maciej-rurarz.com\/wp-content\/uploads\/2022\/04\/GPO-CRECB-1983-pt18-3-3.pdf\">A<\/a>  <a href=\"https:\/\/zdzislaw-maciej-rurarz.com\/wp-content\/uploads\/2022\/04\/Przes\u0142uchania-20-IX-1983-Lot-KAL-007-2.pdf\">B<\/a><\/h6>\n<\/div><\/div>\n\n\n\n<p><\/p>\n\n\n\n<div class=\"wp-block-group has-subtle-background-background-color has-background\"><div class=\"wp-block-group__inner-container is-layout-flow wp-block-group-is-layout-flow\">\n<h6 class=\"wp-block-heading\"><strong>Zeznanie z 26 wrze\u015bnia 1985&nbsp;r. przed Komisj\u0105 <\/strong><br><strong>Senatu Stan\u00f3w Zjednoczonych ds.&nbsp;Bankowo\u015bci, mieszkalnictwa i spraw miejskich (United STATES Senate&nbsp;Committee on Banking, Housing, and Urban Affairs). W sprawie u\u017cytkowania po\u017cyczek udzielanych przez ZSRS i kraje Europy \u015brodkowej <\/strong><br><strong>i wschodniej.<\/strong> <br><a href=\"https:\/\/zdzislaw-maciej-rurarz.com\/wp-content\/uploads\/2022\/04\/Senate-Hearing-Sep-26-1985.pdf\">Senate Hearing<\/a>  <a href=\"https:\/\/zdzislaw-maciej-rurarz.com\/wp-content\/uploads\/2022\/04\/Sep-26-1985-Strona-1.pdf\">Sk\u0142ad Komisji<\/a>  <a href=\"https:\/\/zdzislaw-maciej-rurarz.com\/wp-content\/uploads\/2022\/04\/Sep-26-1985-Strona-2.pdf\">Spis tre\u015bci<\/a>  <a href=\"https:\/\/zdzislaw-maciej-rurarz.com\/wp-content\/uploads\/2022\/04\/Sep-26-1985-Strona-3.pdf\">51<\/a>  <a href=\"https:\/\/zdzislaw-maciej-rurarz.com\/wp-content\/uploads\/2022\/04\/Sep-26-1985-Strona-4.pdf\">52<\/a>  <a href=\"https:\/\/zdzislaw-maciej-rurarz.com\/wp-content\/uploads\/2022\/04\/Sep-26-1985-Strona-5.pdf\">53<\/a>  <a href=\"https:\/\/zdzislaw-maciej-rurarz.com\/wp-content\/uploads\/2022\/04\/Sep-26-1985-Strona-6.pdf\">54<\/a> <a href=\"https:\/\/zdzislaw-maciej-rurarz.com\/wp-content\/uploads\/2022\/04\/Sep-26-1985-Strona-7.pdf\">55<\/a>  <a href=\"https:\/\/zdzislaw-maciej-rurarz.com\/wp-content\/uploads\/2022\/04\/Sep-26-1985-Strona-8.pdf\">56<\/a>  <a href=\"https:\/\/zdzislaw-maciej-rurarz.com\/wp-content\/uploads\/2022\/04\/Sep-26-1985-Strona-9.pdf\">57<\/a>  <a href=\"https:\/\/zdzislaw-maciej-rurarz.com\/wp-content\/uploads\/2022\/04\/Sep-26-1985-Strona-10.pdf\">58<\/a>  <a href=\"https:\/\/zdzislaw-maciej-rurarz.com\/wp-content\/uploads\/2022\/04\/Sep-26-1985-Strona-11.pdf\">59<\/a>  <a href=\"https:\/\/zdzislaw-maciej-rurarz.com\/wp-content\/uploads\/2022\/04\/Sep-26-1985-Strona-12.pdf\">60<\/a>  <a href=\"https:\/\/zdzislaw-maciej-rurarz.com\/wp-content\/uploads\/2022\/04\/Sep-26-1985-Strona-13.pdf\">61<\/a>  <a href=\"https:\/\/zdzislaw-maciej-rurarz.com\/wp-content\/uploads\/2022\/04\/Sep-26-1985-Strona-14.pdf\">79<\/a>  <a href=\"https:\/\/zdzislaw-maciej-rurarz.com\/wp-content\/uploads\/2022\/04\/Sep-26-1985-Strona-15.pdf\">80<\/a>  <a href=\"https:\/\/zdzislaw-maciej-rurarz.com\/wp-content\/uploads\/2022\/04\/Sep-26-1985-Strona-16.pdf\">81<\/a>  <a href=\"https:\/\/zdzislaw-maciej-rurarz.com\/wp-content\/uploads\/2022\/04\/Sep-26-1985-Strona-17.pdf\">82<\/a><\/h6>\n<\/div><\/div>\n\n\n\n<p><\/p>\n\n\n\n<div class=\"wp-block-group has-subtle-background-background-color has-background\"><div class=\"wp-block-group__inner-container is-layout-flow wp-block-group-is-layout-flow\">\n<h6 class=\"wp-block-heading\"><a href=\"https:\/\/zdzislaw-maciej-rurarz.com\/wp-content\/uploads\/2022\/05\/Oswiadczenie-przedlozone-Permanent-Subcommittee-on-Investigations-pazdziernik-1987.pdf\">O\u015bwiadczenie przed\u0142o\u017cone Permanent Subcommittee on Investigations<\/a><br>&#8211; pa\u017adziernik 1987 r.<\/h6>\n\n\n\n<p><a href=\"https:\/\/zdzislaw-maciej-rurarz.com\/wp-content\/uploads\/2022\/05\/3-i-16-XI-1987-Korespondencja-z-J-Sopko-w-sprawie-oswiadczenia-przed-Senatem.pdf\">Korespondencja z Johnem F. Sopko w sprawie o\u015bwiadczenia <\/a><br><a href=\"https:\/\/zdzislaw-maciej-rurarz.com\/wp-content\/uploads\/2022\/05\/3-i-16-XI-1987-Korespondencja-z-J-Sopko-w-sprawie-oswiadczenia-przed-Senatem.pdf\">przed Senatem<\/a> &#8211;  3 i 16 listopada 1987 r. <\/p>\n<\/div><\/div>\n\n\n\n<p><\/p>\n\n\n\n<div class=\"wp-block-group has-subtle-background-background-color has-background\"><div class=\"wp-block-group__inner-container is-layout-flow wp-block-group-is-layout-flow\">\n<h6 class=\"wp-block-heading\"><a href=\"https:\/\/zdzislaw-maciej-rurarz.com\/wp-content\/uploads\/2022\/05\/Open-Letter-to-US-Senate-16-II-1998.pdf\">Open letter to the United States Senate<\/a> <br>&#8211; 16 lutego 1998 r.<\/h6>\n<\/div><\/div>\n\n\n\n<p><\/p>\n\n\n\n<p><\/p>\n","protected":false},"excerpt":{"rendered":"<p>Wersja polska * Wersja angielska r\u0119kopisy zeznanie z 28 grudnia 1981 r. PRZED KOMISJ\u0104 KONGRESU DS. BEZPIECZE\u0143STWA I WSP\u00d3\u0141PRACY W EUROPIE .&#8211; Crisis in Poland 30 grudnia 1981 r. Radio Wolna Europa &#8211; rozmowa Jana Nowaka-Jeziora\u0144skiego ze Zdzis\u0142awem Rurarzem. Zeznanie z 1 kwietnia 1982 r. przed Komisj\u0105 Kongresu ds. Bezpiecze\u0144stwa i Wsp\u00f3\u0142pracy w Europie Zeznanie [&hellip;]<\/p>\n","protected":false},"author":1,"featured_media":67,"parent":6,"menu_order":4,"comment_status":"closed","ping_status":"closed","template":"","meta":{"footnotes":""},"class_list":["post-1248","page","type-page","status-publish","has-post-thumbnail","hentry"],"_links":{"self":[{"href":"https:\/\/zdzislaw-maciej-rurarz.com\/index.php?rest_route=\/wp\/v2\/pages\/1248","targetHints":{"allow":["GET"]}}],"collection":[{"href":"https:\/\/zdzislaw-maciej-rurarz.com\/index.php?rest_route=\/wp\/v2\/pages"}],"about":[{"href":"https:\/\/zdzislaw-maciej-rurarz.com\/index.php?rest_route=\/wp\/v2\/types\/page"}],"author":[{"embeddable":true,"href":"https:\/\/zdzislaw-maciej-rurarz.com\/index.php?rest_route=\/wp\/v2\/users\/1"}],"replies":[{"embeddable":true,"href":"https:\/\/zdzislaw-maciej-rurarz.com\/index.php?rest_route=%2Fwp%2Fv2%2Fcomments&post=1248"}],"version-history":[{"count":35,"href":"https:\/\/zdzislaw-maciej-rurarz.com\/index.php?rest_route=\/wp\/v2\/pages\/1248\/revisions"}],"predecessor-version":[{"id":1811,"href":"https:\/\/zdzislaw-maciej-rurarz.com\/index.php?rest_route=\/wp\/v2\/pages\/1248\/revisions\/1811"}],"up":[{"embeddable":true,"href":"https:\/\/zdzislaw-maciej-rurarz.com\/index.php?rest_route=\/wp\/v2\/pages\/6"}],"wp:featuredmedia":[{"embeddable":true,"href":"https:\/\/zdzislaw-maciej-rurarz.com\/index.php?rest_route=\/wp\/v2\/media\/67"}],"wp:attachment":[{"href":"https:\/\/zdzislaw-maciej-rurarz.com\/index.php?rest_route=%2Fwp%2Fv2%2Fmedia&parent=1248"}],"curies":[{"name":"wp","href":"https:\/\/api.w.org\/{rel}","templated":true}]}}